ime factors of (-4)/x + (-24)/(-14).
2
Suppose 0 = -5*z - 5, -3*y - 2*z = 2*y - 363. What are the prime factors of y?
73
Suppose u - 24 - 19 = 0. What are the prime factors of u?
43
Let y(t) = t**2 + 7*t + 1. Let a be 2*2*21/(-12). Let w be y(a). List the prime factors of (0 + w)/(8/96).
2, 3
Let r(w) = 10*w**3 - 3*w + 3. List the prime factors of r(2).
7, 11
Let j be -4 - -6 - (0 - -2). Suppose j*p - 4*p = -12. List the prime factors of p.
3
Suppose -5*v = -v. Suppose v = -2*t + 2*n + 30, -n - 51 + 16 = -3*t. Suppose -4*c = -3*c - 3*j - 12, -t = 5*j. List the prime factors of c.
2, 3
Let g = 9 + -7. Let r be g/(-8) - 91/(-28). Suppose 14 = l - k, l = r*l + 2*k - 8. What are the prime factors of l?
3
What are the prime factors of ((-16)/6)/((-1)/((-276)/(-8)))?
2, 23
Let y(v) = 7*v - 2. Let s be y(2). Suppose 0 = -4*p - l + s, 12 + 4 = -4*l. Suppose h = -p + 11. List the prime factors of h.
7
Suppose 5*i = -d + 5*d + 103, 4*d + 46 = 2*i. What are the prime factors of i?
19
Suppose -4*w = -2*q + 14, 0 = -w - w - 4. Suppose q = c + 2. List the prime factors of (1 + c + 9)/1.
11
Let c = 26 + 7. List the prime factors of c.
3, 11
Let l = 62 + -40. Let u = l - 8. List the prime factors of u.
2, 7
Let i(y) = -y**3 + 14*y**2 + 2*y - 16. Let z be ((-56)/(-6))/(6/9). What are the prime factors of i(z)?
2, 3
Let s(o) = -o**2 + 129. Let z be s(0). Let w = -88 + z. What are the prime factors of w?
41
Let p be ((-12)/(-18))/(2/3). Let f = p + 7. Suppose 0*w + f = w. List the prime factors of w.
2
Let k(t) = -4*t - 4. Let o(r) = -8*r - 9. Let i(h) = 7*k(h) - 3*o(h). Let s be i(-1). Suppose 6 = s*p, 4*p + p - 16 = -3*z. List the prime factors of z.
2
Let o(j) be the third derivative of j**5/20 - j**4/8 - j**3/6 + 3*j**2. Let d = -8 - -11. What are the prime factors of o(d)?
17
Let p = 119 - 80. Let s = 10 - p. Let b = s - -40. What are the prime factors of b?
11
Let t(b) = b**3 + 14*b**2 - 4*b + 3. What are the prime factors of t(-12)?
3, 113
Let t be 6/4*2*1. Suppose -t*c + 0*c + 6 = 0. Suppose -5 + 3 = j + 4*z, 4*j - 34 = -c*z. What are the prime factors of j?
2, 5
Suppose 4*o - 3*o - 2 = 0. Suppose -3*y = 3*w - o*w + 10, 2*y - 2*w = -12. What are the prime factors of (-4)/y + 4 + 1?
2, 3
Let u be (-2 - 22)*(-4)/12. Let r be u/(-16)*20/2. Let a = 6 - r. List the prime factors of a.
11
Suppose -31 = 3*d + b, 4*d + 3*b + 34 = -14. Suppose 5*v - 2 = -12. List the prime factors of ((-2)/(-3))/(v/d).
3
Suppose 3*c + c = -2*i + 20, i = 2*c - 6. Suppose -c*a - 34 + 94 = 0. What are the prime factors of a?
3, 5
Suppose -10 = -c - 4*c, 5*r = 5*c + 330. Suppose 2*q = -0*q + r. List the prime factors of q.
2, 17
Let b = -212 + 400. List the prime factors of b.
2, 47
Let q = 0 - -5. Suppose 128 = q*u + 18. Suppose -3*n + n = -u. What are the prime factors of n?
11
Let j(u) = u**3 - 5*u + 2. Let o be j(3). Let d be 38/14 - (-4)/o. Suppose 0*v - d = -v. List the prime factors of v.
3
Suppose 5*f + i - 819 = 0, f - i = -2*f + 493. What are the prime factors of f?
2, 41
Let n(j) = -j + 2. Suppose -15*v - 12 = -12*v. What are the prime factors of n(v)?
2, 3
Let n(w) = -w. Let t(v) = -8*v + 4. Let l(i) = -2*n(i) + t(i). List the prime factors of l(-3).
2, 11
Let q(t) = 36*t - 45. List the prime factors of q(6).
3, 19
Let l = 11 - 8. Suppose 91 - 25 = -l*n. List the prime factors of (n/(-3))/((-10)/(-15)).
11
Let a be ((-12)/(-5))/((-1)/5). Let l = -9 + 17. List the prime factors of (14/(-3))/(l/a).
7
Suppose -5*z + 84 = -z. List the prime factors of z.
3, 7
Let x = 14 - 16. List the prime factors of (x + 1)*(2 + -16).
2, 7
Suppose 8*b + 111 = 9*b. What are the prime factors of b?
3, 37
Suppose -w - 17 = -20. What are the prime factors of w?
3
Suppose 2*s + 6 = 3*s. Let v = s - 3. List the prime factors of v.
3
List the prime factors of ((-62)/6)/(11/(-99)).
3, 31
Let r(n) = 7*n**2 + 5*n - 2. List the prime factors of r(2).
2, 3
Suppose 0*g - 28 = -g. Suppose -v + 2*o - g = -3*v, 4*v - 50 = -o. What are the prime factors of v?
2, 3
What are the prime factors of ((-9)/(-27))/((-2)/(-29*18))?
3, 29
Suppose -3*k = -6, 4*k = 5*w + 46 - 8. Suppose -11 = n - 34. Let m = n + w. List the prime factors of m.
17
Let j(d) = d**3 - 16*d**2 - 7*d + 14. List the prime factors of j(17).
2, 23
Let n be (27/4)/(12/32). Suppose -2*d + n = -16. What are the prime factors of d?
17
Let n(o) = -2*o + 7. Let a be n(5). Let h(w) = 4*w - w - 2 - 5*w. What are the prime factors of h(a)?
2
Let g(a) be the first derivative of -a**5/20 - a**4/2 - 7*a**3/6 - 3*a**2 + a + 1. Let d(o) be the first derivative of g(o). List the prime factors of d(-5).
2
Let v = -5 + 4. Let a be (-4 - -1 - -8) + v. Suppose -a*i + 21 = -i. List the prime factors of i.
7
Let w(i) = 3*i. Let l be w(-3). Let r = -67 + 46. Let h = l - r. List the prime factors of h.
2, 3
Suppose 126 = -3*d + a, 0 = 4*d - d - 4*a + 126. Let s = d - -68. What are the prime factors of s?
2, 13
Let r(f) = -2*f - 2. Let c be 102/10 - (-10)/(-50). Let m = c - 14. List the prime factors of r(m).
2, 3
Let i(d) = -d**3 - 6*d**2 - 7*d. Let a(l) = 2*l + 7. Let c be a(-6). Let t be i(c). Suppose 2*h - 1 = o - 0, 4*o - t = h. List the prime factors of h.
2
Suppose 3*l - 63 = -6. Suppose -f = 4*i + 32, i - 5*f = -34 + 5. Let h = l + i. List the prime factors of h.
2, 5
Suppose -4*q - 119 = -5*x, -3*x + 4*q + 27 = -38. List the prime factors of x.
3
Let q(w) be the second derivative of -w**5/10 + w**3/6 - w**2/2 - 3*w. List the prime factors of q(-2).
13
Let v(l) = -l + 1. Let a(i) = -7*i + 4. Let k(d) = a(d) - 5*v(d). List the prime factors of k(-6).
11
Suppose -5*n + 69 = -4*n. What are the prime factors of n?
3, 23
List the prime factors of (-1)/4 + (-594)/(-8).
2, 37
Let z = -97 - -58. Let t = z + 65. List the prime factors of t.
2, 13
Let q(n) = 15*n**3 + 8*n**2 + 5*n - 6. Let v(u) = -7*u**3 - 4*u**2 - 2*u + 3. Let h(m) = -6*q(m) - 13*v(m). List the prime factors of h(-4).
13
Let v = -1 - -4. Suppose -v*q - 20 = -4*q. Suppose 0*c = 5*y + c - 13, 4*y - q = 4*c. What are the prime factors of y?
3
Let k(i) = 4*i. Let z be k(1). Suppose -s + z + 2 = g, -3*g + 34 = -5*s. What are the prime factors of g?
2
Let i(n) = n**2 + 6*n - 6. Let u be i(-8). What are the prime factors of u*3/6*1?
5
Suppose 4*y = 3*h + 69, -5*h - 30 = -y - 0*y. List the prime factors of y.
3, 5
List the prime factors of (2 + -747)/(-5) - 2/2.
2, 37
Let a be -1 - (-3)/((-6)/40). Let d be ((-2)/(-6))/(7/a). List the prime factors of (d - (-3)/6)*-10.
5
Suppose 0 = -f + 2*f - 132. List the prime factors of f.
2, 3, 11
Let h be ((-1)/(-2))/((-2)/256). Let q = 46 + h. Let u = q - -30. List the prime factors of u.
2, 3
Let b = -15 + 68. List the prime factors of b.
53
Let t(s) = -s - 3. Let k be t(-6). Suppose -15 = -2*m - k*m. Suppose 0 = -3*d, 4*l + m*d - 4*d = 40. List the prime factors of l.
2, 5
Let y(v) = 3*v - 5. Let p be y(4). Suppose 1 = z - p. List the prime factors of z.
2
Suppose 3*m - 43 = m - 5*v, -3*v = 4*m - 51. Let b be (-4)/(6/m*-3). List the prime factors of ((b - 13) + 2)*-1.
3
Let q = 121 + -34. List the prime factors of q.
3, 29
Suppose -3*q = -3*u + q + 10, -4*u - 3*q + 30 = 0. List the prime factors of (-107)/(-7) + u/(-21).
3, 5
Suppose -4*k + 5*g + 106 = 0, 2*k - 2*g - 20 = 32. Let w = -40 + k. Let j = -6 - w. What are the prime factors of j?
2, 5
Let v be -1*(0 + 6*2). List the prime factors of (1/(-2))/(2/v).
3
What are the prime factors of -4 + (2/(-7) - (-741)/21)?
31
Suppose -3*v = 3*i - 7*v - 16, 0 = v + 4. Suppose -3*z = 4*a - 42, -z + i*z + a + 7 = 0. List the prime factors of z.
2, 5
What are the prime factors of (-206 + 3 + -5)*-1?
2, 13
Let x be 2 - -3 - (-1 - -1). Suppose x*z - 3*z - 44 = 0. List the prime factors of z.
2, 11
Let f = -12 + 14. Suppose 0 = 3*x + 2*x - f*j - 166, 4*x - 146 = -5*j. What are the prime factors of x?
2, 17
Suppose 17*t - 348 = 15*t. What are the prime factors of t?
2, 3, 29
Suppose -7*s + 826 = -0*s. List the prime factors of s.
2, 59
Let h(j) = j**3 - 6*j**2 + 5*j + 2. Let c be h(5). Suppose 0 = -5*m + 4*a + 38, 5*m - 5*a = c*m + 28. List the prime factors of m.
2, 3
Let b(m) = -m - 8. Let r be b(-10). Let v be r/4*(-1 - -27). Suppose -2*n + 3*n - 3*l = v, 2*n - 3*l - 23 = 0. List the prime factors of n.
2, 5
Let r be (-1 + 4